) = -8*y - 6. Suppose 5*a - a - 1397 = -7*a. Calculate the remainder when a is divided by m(-4).
23
Let x(m) = 2*m**2 - 25*m + 18. Let n be x(16). Calculate the remainder when 7 is divided by 9/5*n/39.
1
Let d(s) = 2*s - 18. Let a be d(13). Suppose k = -5*i - k + 32, 0 = -2*i + 4*k + a. What is the remainder when 40 is divided by i?
4
Let m(n) = 9*n + 4. Let f(z) = -10*z - 5. Let a(q) = -2*f(q) - 3*m(q). What is the remainder when a(-7) is divided by 8?
7
Let y(h) = 16*h - 315. Calculate the remainder when y(27) is divided by 10.
7
Let m = 81 + -79. Suppose 0 = -m*h + 30 - 10. What is the remainder when 25 is divided by h?
5
Let f = -30 + 30. What is the remainder when (-55)/(-2)*(2 + f) is divided by 14?
13
Let x(b) = 8*b**3 - b + 3*b**2 + 1 + 9*b**3 - 2*b**2. Suppose 9 = 227*f - 225*f - 5*k, -2*k + 16 = 2*f. What is the remainder when x(1) is divided by f?
4
Suppose -3*z - 58 = -2*g, -9*g + 5*g = -4*z - 108. Calculate the remainder when 320 is divided by g.
21
Let n(r) = -r**3 + 31*r**2 - 52*r - 150. Let t = -51 - -144. Calculate the remainder when t is divided by n(29).
21
Let o(u) be the first derivative of -3*u**4/4 - u**2/2 - u + 6. What is the remainder when (-2)/(-3) + 50/6 is divided by o(-1)?
0
Let p = -504 - -580. Calculate the remainder when p is divided by 39.
37
Suppose 20*v + 120 = 22*v - y, 5*y = 0. Calculate the remainder when v is divided by 10.
0
Suppose -4*j - 3*h = -98, 3*j + 2*h + 3*h - 68 = 0. What is the remainder when 76 is divided by j?
24
Let j = 243 + -564. Calculate the remainder when 132 is divided by (-2)/(-8) + j/(-12).
24
Suppose 3*d - 87 = -0*d. Suppose -15*l + 3*m - 128 = -16*l, m + 108 = l. Calculate the remainder when l is divided by d.
26
Suppose 2*g - 16 = 4*g. Suppose -4*d + 12 = -d. What is the remainder when 16 - (g/2)/d is divided by 5?
2
Let z = 18 - 4. Suppose -3*x + 29 = 2*y, 2*x + 22 + 22 = 5*y. Let h = 30 + y. What is the remainder when h is divided by z?
12
Suppose 4*k = 3*w + 186, 2*k + 28 = w + 122. Suppose 4*y = -2*c + k + 2, -130 = -4*c - 2*y. Let v = -1 + 13. Calculate the remainder when c is divided by v.
11
Suppose g - 52 = 4*v, 2*g + 0*v - 2*v - 128 = 0. Calculate the remainder when g is divided by 14.
12
Suppose 4*o - 815 = -3*z + 2*z, 15 = -3*z. What is the remainder when o is divided by 11?
7
Let o(x) = x**2 - 3*x - 1. Let q = -103 + 109. Calculate the remainder when o(-6) is divided by q.
5
Let t = -123 - -125. Calculate the remainder when 21 is divided by t.
1
Suppose -3*m + 2 = -2*m. Suppose -m*f - 8 + 66 = 0. What is the remainder when f is divided by 8?
5
Let p(i) = 22*i + 24. Let f be p(-4). Let h = f - -68. Calculate the remainder when 9 is divided by h.
1
Let i = -2014 - -2106. What is the remainder when 1287 is divided by i?
91
Let g = 65 - 39. Suppose 0 = 4*z - 2*t - g, 31 = 5*z - 0*z - 4*t. Let q(f) = -f + 13. Calculate the remainder when q(0) is divided by z.
6
Let j = 405 + -399. Let v = 5 - 2. Calculate the remainder when j is divided by v.
0
Let o(w) = w**3 + 6*w**2 + 2*w - 2. Let j be o(-2). Suppose j + 4 = c. Let p = c - 11. What is the remainder when 5 is divided by p?
2
Let p = -16 - -23. Let b = 2194 - 2176. Calculate the remainder when b is divided by p.
4
Let u = -16 + 107. Let s = -64 + u. Suppose 0 = 47*f - 2909 + 512. What is the remainder when f is divided by s?
24
Suppose 10*w + 105 = 42*w + 41. Calculate the remainder when (0 - 10)/(2/(-4)) is divided by w.
0
Suppose -2*y + 181 = x - 0*y, 5*y = 4*x - 659. Let k be (119 - 0)/((-2)/(-4)*2). Let t = x - k. Calculate the remainder when t is divided by 18.
16
Suppose h - 9*d + 8*d - 550 = 0, -5*h + d = -2730. What is the remainder when h is divided by 110?
105
Let b = 1849 - 1789. Let h = -18 + 34. Calculate the remainder when b is divided by h.
12
Let f = 22 + -27. What is the remainder when 36 is divided by (-212)/(-16) - f/(-20)?
10
Calculate the remainder when 26 is divided by -2 + ((-2)/1 - -24).
6
Let n(t) = -2*t**2 + 5*t + 4. Let b be n(4). What is the remainder when 47 is divided by (b - 12)*(2/10 + -1)?
15
Let g(o) = -o**3 - o**2 - 3*o - 3. Let j(q) = -q + 37. Let d be j(24). Suppose d = 12*k - 11. What is the remainder when g(-2) is divided by k?
1
Let y(l) = -l**2 + 7*l + 6. Suppose 65 = 5*g - 5*i, g + 5*i - 65 = -4*g. What is the remainder when g is divided by y(0)?
1
Let v = 1685 + -1666. What is the remainder when 148 is divided by v?
15
Suppose 0 = -3*n - n. Suppose n = -r - r + 98. Suppose -4*z + 350 = 17*z + 14*z. What is the remainder when r is divided by z?
9
Let y be 1*(-21)/(9/(-3)). Suppose -t = -3*x + 2, -5*x = 5*t - 0*x - 10. Let l = y + t. Calculate the remainder when 22 is divided by l.
6
Let s(w) = -w**3 - 13*w**2 - 11*w - 70. What is the remainder when 508 is divided by s(-13)?
70
Let b(c) = c**2 + 5*c + 6. Let i(o) = o**2 + 11*o - 19. Calculate the remainder when b(-6) is divided by i(-13).
5
Suppose 51*r - 33 - 1089 = 0. What is the remainder when r is divided by 13?
9
Calculate the remainder when (-70)/4*240/(-300) is divided by ((-2)/(-4))/((-3)/(-30)).
4
What is the remainder when 4 + (32/176 - 784/(-44)) is divided by 6?
4
Let y = -34 - 4. Let b = 26 + y. Calculate the remainder when 31 is divided by ((-15)/b + -1)*44.
9
What is the remainder when 216 is divided by 53 + (0 - (-7)/(-7))*2?
12
Let o(q) = -q - 2*q**2 - 3 - 2 + 5*q**2 - 2*q**2. Suppose l = 2*l - 12. What is the remainder when l is divided by o(4)?
5
What is the remainder when 2/(-8)*(33 + -625) is divided by 43?
19
Suppose 22 = 3*a - 2*p, p - 37 = -3*a + 6*p. Suppose 2*b = -a*j - 2*b + 84, -5*j + 3*b + 81 = 0. Calculate the remainder when 53 is divided by j.
17
Suppose -r - r + 230 = 0. Suppose -5*f = 2 - 82. Let w(k) = 6*k - 67. What is the remainder when r is divided by w(f)?
28
Suppose 0 = -2*j + 3*k + 56, 5*j + k - 134 - 40 = 0. What is the remainder when j is divided by -4*(-2)/28 + 656/56?
10
Let g(x) = x**2 + 10*x + 5. Let k be g(-10). Suppose 57 = v + a, 120 = -k*v + 7*v - a. Calculate the remainder when v is divided by 76/(-108)*-21 + 20/90.
14
Suppose 2*g - 100 = -5*z, -12*z + 51 = -10*z + 3*g. Calculate the remainder when 66 is divided by z.
12
Let f(t) = 36*t**3 - 2*t**2 + 2*t + 1. What is the remainder when f(1) is divided by 16?
5
Let h(u) = 2*u + 1. Let o be h(1). Suppose o*g - 34 = 2*g. Calculate the remainder when g is divided by 18.
16
Suppose -5*f = -3*s - 2*f + 102, 3*f - 58 = -2*s. Calculate the remainder when s is divided by 31.
1
Let y be 6/(7 + 5) + 719/2. Suppose 6*z + 6*z - y = 0. What is the remainder when 179 is divided by z?
29
What is the remainder when 449 is divided by 10/7*(-147)/(-14)?
14
Suppose 5*g + 31 - 156 = 0. Suppose 5 = 3*p - g. Let i = -46 - -64. What is the remainder when i is divided by p?
8
Let u = 3 + 12. Suppose -37 - 35 = 6*y. What is the remainder when y/54 + 526/18 is divided by u?
14
Suppose -2*p - 3*p = -k - 1, -2*k - 2 = 0. Suppose 5*n + 77 = h + 2*h, p = -2*h - 3*n + 83. What is the remainder when 167 is divided by h?
31
Let j = 202 - 140. Calculate the remainder when j is divided by 33.
29
Let h(i) = i**2 - 4*i - 60. Calculate the remainder when 40 is divided by h(12).
4
Let f = -297 - -472. What is the remainder when f is divided by 11?
10
Suppose 0 = -20*i + 17*i - 12, 0 = 4*l - 4*i - 60. Suppose 0 = 7*x + l - 60. Calculate the remainder when 19 is divided by x.
5
Let l be -6*((-40)/(-3) - -2). Let k = 196 + l. Let s = k - -25. Calculate the remainder when s is divided by 33.
30
Suppose -3*z - 1214 + 1472 = 0. Calculate the remainder when z is divided by 9.
5
Suppose 13 - 1 = v. Let s(t) = -2*t**3 + 19*t**2 + 10*t + 1. Let l be s(10). Calculate the remainder when (l/(-1))/(-1)*35 is divided by v.
11
Suppose 0 = -11*n + 23*n - 564. Calculate the remainder when 229 is divided by n.
41
Suppose 6*q = -3*q + 99. Calculate the remainder when q is divided by 5.
1
Let r = -9 + 48. Suppose 0*l = 2*l - 16. What is the remainder when r is divided by l?
7
Calculate the remainder when 18/(-4)*(0 + -16) is divided by 15.
12
Let o = -17 + 9. Let t = o - -16. Calculate the remainder when 3/6 + 100/t is divided by 4.
1
Let u(k) = k**2 - k - 12. Let h(v) = -v**2 + 13. Let o(l) = -5*h(l) - 6*u(l). Calculate the remainder when 162 is divided by o(4).
12
Let l = -635 + 693. 